*s, 5*c + 4*s + 0 + 2 = 0. Let v = 15 + -7. Let k = v - c. What are the prime factors of k?
2, 5
Let i(z) = 12*z - 14. Let u be i(6). Suppose 0 = -6*g + 202 - u. List the prime factors of g.
2, 3
Suppose -2*j + 4*o = -3*j + 9, o = 5*j - 3. Let v(r) = 107*r**3 - r**2 + 2. What are the prime factors of v(j)?
2, 3
Let u = 3418 + 0. List the prime factors of u.
2, 1709
Let l(r) = 19*r**3 + 4*r**2 - 5*r + 25. List the prime factors of l(4).
5, 257
Let f = 4757 - 2001. List the prime factors of f.
2, 13, 53
Let w(p) be the third derivative of 29*p**4/12 - p**3/3 + 7*p**2. List the prime factors of w(2).
2, 3, 19
Let w(l) = 3*l**2 - l - 1. Let c be w(-1). Let p(b) = 6*b + 0 - 5 - c. List the prime factors of p(7).
2, 17
Suppose -4*y = 3*a - 306, -4*a + 4*y = -3*a - 118. List the prime factors of a.
2, 53
Let n(w) = 11*w**2 - 2*w - 4. Let m be (-7 + 1)*(-4 - -5)/2. What are the prime factors of n(m)?
101
Let y be (-2)/7 - 6280/70. What are the prime factors of 2*y/(-4) - 3?
2, 3, 7
Suppose v - 2 = -4*p - v, 4*v - 14 = -3*p. Let g be 61/(5 + p - 2). Suppose -5*q + g = -114. What are the prime factors of q?
5, 7
Let c be (-19 + -1 + 1)/(-1). Let j = c + -25. What are the prime factors of (39/2)/(j/(-4))?
13
Suppose 4340 = 25*o - 46260. What are the prime factors of o?
2, 11, 23
Let v(h) = 1. Let o be 15/(2 - -3) - 2. Let q(f) = 9*f - 10. Let t(x) = o*q(x) + 6*v(x). List the prime factors of t(6).
2, 5
Let w(k) = -k. Suppose -o + 2*i - 4 = 0, o - i - 1 = 2*o. List the prime factors of w(o).
2
Suppose 0 = 5*r + 20, -4*z - 600 = -3*r - 2452. What are the prime factors of z?
2, 5, 23
Let k(w) = w**3 - 5*w**2 - 7*w + 45. List the prime factors of k(9).
2, 3, 17
Let x(v) = v**2 - 2*v**2 - 3*v**2 + 5*v**2 + 8 - v. Let t be ((-2)/(-2) - 0) + -1. What are the prime factors of x(t)?
2
Let u(z) = z**3 - 8*z**2 + 2*z - 16. Let t(h) = 4*h**2 - h + 8. Let c(w) = 5*t(w) + 2*u(w). What are the prime factors of c(4)?
2, 7
Let s(u) = -2*u**3 + 7*u**2 - 6*u - 18. Let n be s(-6). Let b = -423 + n. List the prime factors of b.
3, 31
Let c(z) = -z**3 + z**2 + 5*z - 3. Let k be c(2). Suppose 3*x = w + 19, -6*x + k*x - 4*w - 1 = 0. What are the prime factors of x?
5
Let o = -1691 - -3376. List the prime factors of o.
5, 337
Let v = -191 + 279. List the prime factors of v.
2, 11
Suppose 5*d + f - 13 = 5, 3*d - 4*f + 3 = 0. Suppose 0 = d*g - 6*g + 42. What are the prime factors of (g - 10) + (-7)/(-1)?
11
Suppose 103 + 320 = 3*r. List the prime factors of 0 + -3 + 3 + r.
3, 47
Let d(z) = -z**2 - 2*z + 7. Let j be d(-3). Suppose 0 = 4*l + 5*q - 235, 5*l + 3*q - j*q = 330. List the prime factors of l.
5, 13
Let t = 26 - 23. What are the prime factors of (-3*2/t)/(30/(-465))?
31
Suppose -5*p = 5*k + 15, -p + 1 = -2. Let i be (3 - 2)/((-3)/k). Suppose 5*a - 82 = -i*m, a - 5*m = 13 - 2. What are the prime factors of a?
2
Let m be 15/((-135)/48)*(-978)/8. Suppose -m = -6*h + 182. List the prime factors of h.
139
Let b be 960/165 + 4/22. Let v = b - -6. List the prime factors of v.
2, 3
Let c be 4 - (-4)/(12/(-9)). Suppose -o + 49 = c. Suppose b + 5*r = o, 2*b = 7*b - 3*r - 100. List the prime factors of b.
23
Let w be (-154)/70 + 2/10. List the prime factors of (-5)/(w/10 + 63/490).
2, 5, 7
Let y(h) = 2*h - 8. Let m be y(6). Suppose -5*o + 910 = 5*i, -o - 260 = m*i - 985. List the prime factors of i.
181
Let z(d) = -d**3 - 4*d**2 + 17*d - 7. Let w(m) = 3*m**3 + 7*m**2 - 35*m + 13. Let v(q) = 2*w(q) + 5*z(q). List the prime factors of v(7).
5, 29
Suppose -3*p = 5*c - 4, 4*p + 6 = p - 3*c. Let m = 7 + p. Let z = m - -2. List the prime factors of z.
2
Let b(d) = 120*d - 158. List the prime factors of b(5).
2, 13, 17
Let c = 1424 + -337. What are the prime factors of c?
1087
Suppose l = -3*l. Suppose 19 = v - l. What are the prime factors of v?
19
Suppose 7*j = 3*j. Suppose j = y + 2*y + 4*w - 29, 5*w = -3*y + 34. Suppose 0 = v - u + y*u - 25, -4*v - 2*u + 76 = 0. What are the prime factors of v?
17
Let k = -31 + 46. Let g = 21 - k. Suppose 4*p - 3*o - 137 = 0, 2*o = -g - 0. What are the prime factors of p?
2
Suppose -127*p - 22410 = -145*p. What are the prime factors of p?
3, 5, 83
Let l(j) = 2*j**2 - 12*j + 16. Let h be l(7). What are the prime factors of (-3)/(-6)*2*h?
2, 3, 5
Let d = -170 + 257. Let c = -44 + d. What are the prime factors of c?
43
Let y(z) = 9*z - 37. Let v(u) = -4*u + 19. Let w(r) = 7*v(r) + 3*y(r). Let m = -14 - -14. List the prime factors of w(m).
2, 11
Suppose -3*r = -12, -3*r = 5*f - 25 - 27. Suppose -5*p = 4*h - 30, p + f = 2*h - 0. List the prime factors of h.
5
Suppose -8*l + 3997 - 173 = 0. List the prime factors of l.
2, 239
Suppose 0*k + 12 = -4*k - 4*j, 5*j = 4*k - 15. Suppose k = -4*u + 3*s - 1 - 15, -4*u = s. What are the prime factors of 64 + (-3)/(-1) + u?
2, 3, 11
Let m = -61 - -111. Suppose -l + 160 - m = -u, 0 = u - 5. List the prime factors of l.
5, 23
Suppose -135 = 4*y - 135. Suppose h = -3*b + 2*h + 577, y = b + 5*h - 203. List the prime factors of b.
193
Suppose 4*w = 2*t + 2824, 4*t = -4*w - 633 + 3457. What are the prime factors of w?
2, 353
Let t = -26 - -24. List the prime factors of (-3 - -77) + -4 + t.
2, 17
Suppose q - 1050 = -2*q. What are the prime factors of q?
2, 5, 7
Suppose 4*y = -30*x + 25*x + 499, 2*y - 253 = x. What are the prime factors of y?
2, 3, 7
Suppose -4*x - 5*w + 9*w + 128 = 0, 4*w = -3*x + 68. List the prime factors of x.
2, 7
Suppose 2*q = u - 336, 5*u + 356 = 3*q + 2050. Suppose -u = -6*z + 2*z. List the prime factors of z.
5, 17
What are the prime factors of -122*(-5 - 6/(-4))?
7, 61
Let c = 109 + -109. List the prime factors of (95 - c)*(-6)/(-15).
2, 19
Let n be (15/(-2))/((-21)/28). Suppose -80 = -n*h + 50. What are the prime factors of h?
13
Let b be (-2 - -12)/((-2)/8). Let s be 6/(-4)*b/12. Suppose -s*v = -v - 76. What are the prime factors of v?
19
Suppose -3*g - g + 1678 = -5*l, -4 = -2*l. What are the prime factors of 2/8 + g/8?
53
Suppose 0 = -0*f - 12*f + 4104. Suppose 0 = -7*j + 71 + f. List the prime factors of j.
59
Let t(q) = -28*q - 63. What are the prime factors of t(-30)?
3, 7, 37
Suppose -3*x = 9, 5*p + 4*x + 43 = 4*p. Let r = -5 - p. Suppose -56 = -2*t + r. List the prime factors of t.
41
Let c = 1815 + 199. List the prime factors of c.
2, 19, 53
Let b(p) = p**3 + 23*p**2 - 64*p + 75. List the prime factors of b(-25).
5, 17
Let b = 2 + -1. Let t = -97 - -88. List the prime factors of (-3)/b*102/t.
2, 17
Suppose -3*b = -b - 4. Suppose 4*s + b*m = 274, 5*m = -s + 46 + 18. What are the prime factors of s?
3, 23
Let d = 656 + 513. List the prime factors of d.
7, 167
List the prime factors of (-2)/17 - (-661893)/1139.
7, 83
Suppose 53 = 3*f + 17. Suppose 0 = -2*k - k + f. Suppose -t + a = -3*t + 84, 0 = -k*a + 8. What are the prime factors of t?
41
Let t = 1829 - 889. List the prime factors of t.
2, 5, 47
Suppose -2*v + 234 = 3*n + 28, 0 = -4*n + 5*v + 244. Suppose -n = -2*l + 3*f, 3*l - 2*f + 146 = 8*l. List the prime factors of l.
2, 3, 5
Suppose 0 = 5*g + 29 + 31. List the prime factors of 4/g*(-2 + -76).
2, 13
Let l be (548/3)/(8/(-24)). List the prime factors of l/(-2) - (-3 - -7).
2, 3, 5
Let z = -1774 - -3691. List the prime factors of z.
3, 71
Suppose -28*r = -22*r - 1122. List the prime factors of r.
11, 17
Suppose 3*r - 1719 = -h, 2*h + 1 = 7. List the prime factors of r.
2, 11, 13
Let m = 3223 + -1910. List the prime factors of m.
13, 101
Let h be (-78)/(-16) - 7/(-56). Suppose -2*a + 47 + 313 = h*c, 3*a = 15. What are the prime factors of c?
2, 5, 7
Suppose 0 = -4*s + 2*n + 194, 17*s = 15*s + 3*n + 91. What are the prime factors of s?
2, 5
Let l(z) = z**2 + z + 1. Let i be l(-2). Suppose f + 5*b = -0*f + 43, 0 = i*f + 3*b - 81. What are the prime factors of f?
23
Let i = -39 + 72. Suppose 4*a = -4*u + 5*u - 18, -3*u - 14 = 5*a. Suppose -n - 8 = -2*n + b, 5*n + u*b - i = 0. What are the prime factors of n?
7
Let v(j) = -9*j + 203 - 223 + j. List the prime factors of v(-16).
2, 3
Suppose 3*n - 11 - 43 = 0. Suppose -15*s + n*s = 210. What are the prime factors of s?
2, 5, 7
Let m = -263 + 522. What are the prime factors of m?
7, 37
Let k(l) = 8 - 4 + l**2 + 5 - 5*l + 3. What are the prime factors of k(7)?
2, 13
Suppose 5*y = 25, d - 4*y = -d - 18. What are the prime factors of 84*d/12*4?